)/(3/(-8))). What is u(t)?
5
Let w(i) = -10*i + 57. Let z be (-2)/(-11) + (499/99 - 200/900). Give w(z).
7
Let s(h) = 2*h + 34. Let t(k) = -2*k - 12. Let c(l) = -s(l) - 2*t(l). Suppose 3*f + 0*q = -q + 16, 13 = 2*f + 3*q. Give c(f).
0
Let g(m) = 2 - 3*m**2 - m**3 + m**2 + 0*m**2. Suppose -5*r - 5*w - 11 - 39 = 0, -5*r = -29*w - 188. What is g(r)?
11
Let v(l) = l**2 - 6*l + 5. Let d be -12 + 20 - (-1 - -3). Let j(s) = -3 - s**3 + 0 + 7*s - 4*s + d*s**3. Let c be j(1). What is v(c)?
0
Let l(a) = 3*a + 1. Let m(y) = -69*y**2 - 33 - 73*y**2 + 17*y + 140*y**2. Let c be m(6). Determine l(c).
-8
Let v(a) be the first derivative of -a**2/2 - 13*a - 5. Let u(n) = 6*n + 125. Let o be u(-22). Let j be v(o). Let s(t) = -t**3 - 6*t**2 - 3. What is s(j)?
-3
Let l be 8/(-14) + (-1 - (-715)/(-35)). Let v = -20 - l. Let y(o) = 6*o**v - 7*o - 2 + 3*o**2 - 6*o**2 - o**3 + 4*o**2. What is y(5)?
13
Let x(s) = s - 3. Let r = -69 + 65. Let i be 6*12/9 + r. Suppose -i*y + 0 + 24 = 0. Calculate x(y).
3
Let o = 1374/5 - 2743/10. Let i(l) be the second derivative of 5/6*l**3 + o*l**2 - 1/6*l**4 - 11*l + 0. Determine i(4).
-11
Let y(f) = f**2 + 2*f + 5. Let k be (246/(-9) - 2)/((-1)/3). Let z = 108 - k. Suppose 6*r - r = -z. Calculate y(r).
13
Let g be 3*1 - 4/2. Let c(o) = 5*o + 11. Let f(i) = 11*i - 41*i + 1 + 14*i + 17*i. Let t(v) = g*c(v) - 6*f(v). Calculate t(0).
5
Let p(w) = 0*w - 2*w + 2*w**2 - 1 + 6*w**2. Suppose -12*i + 15*i = 99. Let r be (44/i - 0)/((-8)/6). Calculate p(r).
9
Let z = 384 + 464. Let d = 849 - z. Let a(f) = -3 + 3 + f + 6*f**2. What is a(d)?
7
Let f(z) = -36*z**2 - 5*z + 21. Let j(p) = 251*p**2 + 34*p - 139. Let q(m) = 20*f(m) + 3*j(m). Determine q(-1).
34
Let b(q) = 2*q**2 + 5*q - 6. Let d(v) = -10*v**2 - 11*v + 36. Let z(m) = -4*b(m) - d(m). Give z(5).
-7
Suppose -2*s = -k - 0*s + 411, k = 5*s + 405. Let t(m) = 410 - m**2 - 8*m + 2*m**2 - k + 11*m. Calculate t(-5).
5
Let f be 6/(-36) - 22/12. Suppose -a - 10*k - 17 = -5*k, -5*a = -3*k - 27. Let v(h) = -9 + 12 + 60*h**3 - 59*h**a + 3*h. Determine v(f).
-11
Let p(r) = -34*r**2 + 85*r**2 - 27*r**2 + 3*r + 1 - 45*r**2. Calculate p(-1).
-23
Suppose 2*u = 6 - 4. Let o(m) = -6*m - 55. Let z be o(-14). Let r(i) = 48*i - 26*i - z*i. Determine r(u).
-7
Let v be 3/2*188/141. Let k(x) = -1 - 21*x**v - 26*x**2 + 3*x - 4*x + 21*x**2. Give k(-1).
-26
Let l(t) = t**3 - 9*t**2 + 5*t + 28. Let o = 1402 - 1394. Give l(o).
4
Let g be (2 + (-7)/(-2))*2 - 4. Let k(b) = -g - b + 3*b - 5*b + 4*b. Calculate k(3).
-4
Let f(n) be the second derivative of -n**5/20 - n**4/2 - n**3/2 - n**2/2 - 383*n. Let u(s) = -s**2 + 6*s + 11. Let m be u(8). What is f(m)?
-11
Let r(o) be the third derivative of -o**5/60 + 7*o**4/24 - 2*o**3 - 1638*o**2. Determine r(12).
-72
Let u = 1273 + -1279. Let v(l) = -13*l - 14. What is v(u)?
64
Let z = 55 - 86. Let t = -15 - z. Suppose 0*m = -2*m - t. Let l(q) = q + 14. Determine l(m).
6
Let l(k) be the third derivative of k**4/24 + 17*k**3/6 - 1141*k**2. Give l(-9).
8
Let o(v) = -20*v - 35. Let p be ((-24)/(-22))/(-6) - (-92)/22. Let h(r) = r + 2. Let f(t) = p*o(t) + 70*h(t). Give f(-3).
30
Let c(d) = -d**3 + d**2 - d. Let g(y) = -y**2 - 14*y + 18. Let q be g(-15). Suppose 3*l - 98 = -2*k, 34 = l - 2*k + q*k. Let o = l + -30. Determine c(o).
0
Let p(c) = 2*c**3 - 7*c**2 + 2*c - 27. Suppose 361 = 5*t + 11*i + 253, 5*i - 40 = 0. Give p(t).
-3
Let n(x) = 89*x - 26. Let u(r) = 889*r - 271. Let z(p) = 21*n(p) - 2*u(p). Give z(-1).
-95
Let h(k) = 3*k**2 - 10*k + 12. Let s(w) = 4*w**2 - 11*w + 14. Let a be (1/(-3))/(-3 + (-210)/(-72)). Let n(d) = a*s(d) - 5*h(d). What is n(-7)?
3
Let d(b) = 2*b**2 - 19*b - 68. Suppose -20*s + 27*s + 4*a + 1 = 0, 2*s + a = -1. Determine d(s).
7
Let s = 5772 - 5764. Let r(v) = -13*v**2 + 20*v - 23. Let z(w) = -7*w**2 + 10*w - 11. Let q(d) = -6*r(d) + 11*z(d). Give q(s).
1
Suppose -3*d - 15 = 0, 3*p - p + 4*d + 18 = 0. Let b(k) = -45*k + k**3 - p + 7*k**2 + 2 + 50*k. Determine b(-6).
7
Let d(c) = -5*c. Let o(q) = 8*q - 1. Let j be (-3 + 20/12)/((-8)/24). Let s(i) = j*o(i) + 7*d(i). Give s(-10).
26
Let r(o) = -8*o**2 + 3*o + 1. Let f(i) = -40*i**2 + 16*i + 6. Suppose 4 = 6*l + 16. Let v(m) = l*f(m) + 11*r(m). Give v(1).
-8
Let k(p) = 9*p**3 + 16*p**2 - 4*p - 17. Let c(t) = -31*t**3 - 52*t**2 + 12*t + 51. Let q(j) = 2*c(j) + 7*k(j). Determine q(-4).
63
Let f = 4103 + -4095. Let m(h) = 7*h + 7. Give m(f).
63
Let b(z) = z**3 + 34*z**2 - 90*z - 655. Let o be b(-36). Let k(d) = 5*d + 46. Determine k(o).
11
Let f(n) = 8*n**2 - 31*n**3 + 3*n + 7 + 5 - 33*n**3 + 65*n**3. Let r = 15961 - 15969. What is f(r)?
-12
Let n = 11294 - 11294. Let a(t) be the third derivative of 17*t**2 - 1/120*t**6 + n - 1/24*t**4 - 1/10*t**5 + 0*t - 4/3*t**3. Calculate a(-6).
-2
Let y(v) be the first derivative of -3*v**2/2 + 28*v - 9557. Give y(19).
-29
Let p(k) = -4. Let g(u) = -u + 3. Let m(c) = 4*g(c) + 3*p(c). Let j be (6 - 0)/((45/12)/(-5)). Let w = j + 10. Give m(w).
-8
Let h(x) = x - 3. Suppose -2*y - 2*o = -4*y + 36, 0 = -2*y - 4*o + 6. Suppose 4*q = 3*l, -q - 4*l = -32 + y. Suppose -q*k - 2*k = -8*k. Give h(k).
-3
Let n = -328 + 330. Let k(h) = h**2 + 5*h + 0 + 4 - n*h**2 - 3 + 4. Give k(6).
-1
Suppose -12*y + 415 + 197 = 0. Let o(a) = -18 + 2*a + y - 4 - 19 - 18. Let w be -2 - (-12 + 2) - 2. Give o(w).
4
Let s be ((-32)/32)/(0 + (-1)/(-11)). Let c be (33/s - -2)/((-1)/(-4)). Let a(m) = 0*m - m - 2*m. Determine a(c).
12
Suppose -2*m - 4*w = -14, m - 3*m + 3*w + 7 = 0. Suppose h - 32 = m*h. Let f(o) = -3*o**3 + 9*o**2 + 14503 + 8*o + 4*o**3 - 14498. Calculate f(h).
5
Suppose 4*a + 4*t = 80, a = 2*a - 5*t - 32. Let r = -24 - -27. Suppose 2*y + a = r*d, -d = y - 2 - 2. Let j(z) = -z**3 + 6*z**2 - 5*z + 9. What is j(d)?
-21
Let x(m) = 58*m + 62. Let i(w) = 164*w + 184. Let b(g) = -6*i(g) + 17*x(g). Determine b(14).
-22
Let f be 5 + (-3 - -4) - 0. Suppose 5*k + 3*t - 47 = 0, -t - f = -2*k + t. Let i(y) = y**3 - 7*y**2 - 4*y - 5. Give i(k).
-33
Let k = -16098 - -16109. Let g(p) = -p**3 + 10*p**2 + 11*p + 33. What is g(k)?
33
Let u(i) = -5*i**2 + 24*i + 5. Let z(l) = 4*l**2 - 24*l - 5. Let v(r) = -2*u(r) - 3*z(r). Suppose -2 = x, 4*a - 10*x + 9*x = 50. What is v(a)?
5
Let s be (-6)/13 + 16110/4654. Let g(a) be the third derivative of 2*a**2 + 1/2*a**s + 19*a + 0 - 1/8*a**4. Calculate g(-7).
24
Let i(t) be the second derivative of -3*t - 1/2*t**2 + 0 + 1/2*t**5 - 1/6*t**3 + 1/12*t**4. Calculate i(-1).
-9
Let x(r) = -r + 4. Suppose -4*t = 3*a - 51, a - 15*t + 34*t = 123. Calculate x(a).
-5
Let a(i) = -i - 5. Let m(r) = 102*r + 2541. Let n be m(-25). What is a(n)?
4
Let t(q) = 7*q + 110 + 16 + 18 + 62*q - 4. Give t(-2).
2
Let d(a) = 325*a + 4216. Let u be d(-13). Let w(h) = -h**3 - 10*h**2 - 5*h + 17. What is w(u)?
-19
Let f = 3 - 0. Let t(v) = 0*v - v - 7 - f - 5. Suppose 0 = 619*b - 606*b. Give t(b).
-15
Let x(i) = -3*i - 52. Let o be x(-18). Let q(h) = -h**o + 4 - 7 - 4*h - h + h. Suppose -2*p = 3*p + 15. What is q(p)?
0
Let k(l) = -l**3 + 8*l**2 - 7*l - 4. Suppose n - 5*c - 75 = -25, 0 = -3*n - 5*c + 190. Let a be n/110 - (-213)/33. What is k(a)?
-4
Let i(b) be the second derivative of -b**5/30 + b**4/6 - 22*b**3 + 6*b - 10. Let y(u) be the second derivative of i(u). Determine y(3).
-8
Let o be (-42)/8 + (-2)/(-8). Let p(a) = -785 - 4*a + 283 + 243 + 2*a + 252. Determine p(o).
3
Suppose -428 = 4*d - 128. Let a = d - -65. Let v = -5 - a. Let t(x) = -x**3 + 5*x**2 - 1. Determine t(v).
-1
Let k(h) = 5*h**2 - 3*h - 31. Let u(n) = 14*n**2 - 9*n - 88. Let j(v) = -11*k(v) + 4*u(v). What is j(6)?
7
Let l(m) = 6 - 197*m - 199*m + 763*m - 214*m - 187*m. What is l(-3)?
108
Let f(x) = -8*x - 21. Let u be ((-4)/10)/(185/1850). What is f(u)?
11
Let n = -159 + 478. Let u(w) = n*w - 326*w - 14 + 6. Give u(-7).
41
Suppose 5*q - 35 = -25. Let t(x) = -74 - 4*x - x**3 - 2*x**2 + 72 - x**q + x. Calculate t(-2).
0
Let w(x) = x**2 + 10*x - 9. Let i(o) = o**3 - 5*o**2 - 50*o - 13. Let j be i(10). What is w(j)?
30
Let l(j) = 2*j**3 + 6*j**2 + 11*j + 6. Let q be 1 - 12 - (-343)/49. What is l(q)?
-70
Let w(k) = 10*k**2 - k. Suppose 0 = -3*m + 4*m. Suppose -5*q = m, -4*d + d + 33 = q. Let l(p) = 2*p**2 - 21*p - 10. Let s be l(d). Give w(s).
9
Let q be 2080/(-12) - (-18)/(-27). Let g = q - -173. Let l(f) = -13*f**3 + 2*f + 1